mmon factor of z and 35.
35
Suppose -a + b + 95 = 0, 5*a - 104 = 2*b + 386. What is the greatest common divisor of 80 and a?
20
Let w = -35 - -112. Calculate the greatest common factor of 22 and w.
11
Let g(m) = 4*m. Let c be g(3). Let x(d) = 2*d**2 + 33*d + 268. Let n be x(-8). Calculate the greatest common divisor of n and c.
12
Suppose -4*p = -2*w - 8, p + 3 = 2*w + 2. Suppose -5*h + w*h = -24. Let q be 36/4 + -3 + -2. Calculate the greatest common divisor of h and q.
4
Let h be (-44)/(-66) + ((-9686)/(-3))/2. What is the greatest common divisor of 19 and h?
19
Suppose -2*i + 10 - 4 = 0. Suppose -i*q + 40 + 17 = 0. Calculate the highest common divisor of 95 and q.
19
Suppose 3*t = -3*a + 33, 2*t = -t - 3. Let s be 40/(-3 - 1) + 22. What is the highest common factor of a and s?
12
Let c be (-996)/(-10) + 69/(-115). What is the greatest common factor of 33 and c?
33
Let d be (-85)/(1017/(-108) + 9). Calculate the highest common divisor of d and 48.
12
Let q(w) = -w**2 - 7*w - 5. Let l be q(-4). Suppose 0 = 5*i - 19*i + 2352. Let n = -154 + i. What is the highest common factor of n and l?
7
Let m = -19 - -16. Let t be (-96)/(-10) + m/5. Let q(i) = -i**2 + 10*i + 3. Let w be q(t). What is the highest common factor of w and 132?
12
Let p(b) = b**2 - b + 1. Let y(l) = 4*l**2 - 18*l + 22. Let k(s) = 5*p(s) - y(s). Let o be k(-16). Calculate the greatest common divisor of 124 and o.
31
Let l(i) = 22*i**2 + 2*i - 2. Let c be l(2). Let t = c - -152. Suppose -3*g + t = -0*m + m, m = 4*g - 325. Calculate the greatest common factor of 9 and g.
9
Let q = 543 - 484. What is the highest common factor of q and 472?
59
Let c be (-8 - -2)/((-2)/(-30)). Let j be (c/(-7))/(24/112). Let u = -4 + j. Calculate the highest common divisor of 7 and u.
7
Let r(g) = -34*g**3 + g**2 + 2*g + 8. Let n be r(-2). What is the greatest common divisor of 20 and n?
20
Let q = 156 + -126. Suppose 2*i + i - 45 = 0. What is the greatest common divisor of i and q?
15
Suppose -h + 3*h - k - 14 = 0, 5*h + 5*k - 50 = 0. Let z be -1*(2/(-4))/((-1)/(-16)). Calculate the highest common divisor of h and z.
8
Suppose -35*c = -36*c + 56. What is the highest common factor of 196 and c?
28
Suppose 21*x - b + 15 = 23*x, -2*x = -3*b - 19. Let p = 490 - 290. What is the highest common divisor of x and p?
8
Let o = 12807 + -12799. Suppose -3*s + 4 = 1. Calculate the highest common divisor of s and o.
1
Suppose 1 - 3 = -2*d. Let z(l) = 10*l**3 + l**2 - 2*l + 1. Let h be z(d). Let x be ((-48)/h)/((-3)/30). Calculate the greatest common factor of x and 24.
24
Suppose 43*a - 1959 = 13650. Calculate the highest common divisor of a and 3.
3
Suppose -4*k - 2*l + 34 = -258, 8 = 4*l. Let n(p) = 19*p**2 - 1. Let d be n(-1). What is the highest common factor of d and k?
18
Let k(d) = -58*d**3 - 2*d**2 + 2*d + 2. Let l be k(-1). What is the greatest common factor of l and 196?
28
Let q(s) = -8*s + 9. Let b(o) = -o. Let d(y) = b(y) - q(y). Let g be d(6). Suppose g = -5*t + 133. What is the greatest common divisor of t and 10?
10
Let f be (6/9 + 280/(-24))*-13. What is the greatest common divisor of f and 22?
11
Let b = -52 + 63. Calculate the greatest common factor of b and 11.
11
Let r(m) = -m**2 + 2*m - 3. Let u be r(1). Let k be (5*1/5)/(u/(-84)). Calculate the highest common divisor of 6 and k.
6
Let g = 1020 - 1017. What is the highest common divisor of g and 23?
1
Suppose 15 = -8*a + 47. Suppose 72 = a*z + 2*g - 4*g, -4*g + 16 = 0. Let s be ((-6)/(-9))/((-1)/(-75)). What is the highest common factor of z and s?
10
Let z(a) = -a + 4. Let f be z(0). Suppose -t + 43 = 3*y, 5*t = -3*y + 2*y + 145. Suppose 4*n = -t + 36. What is the highest common divisor of f and n?
2
Suppose 120 = 5*h + p, 4*h - p = -0*p + 96. What is the highest common divisor of 16 and h?
8
Suppose -7*a + 459 = -45. Let z be 20/3*(-5)/((-100)/a). Calculate the highest common divisor of z and 108.
12
Let g(m) = -m**2 - 6*m + 21. Let o be g(2). Let k = 35 - 20. Calculate the highest common factor of k and o.
5
Let x be (9/3 - 1 - 4)*-13. Let d = -8 + 11. Suppose -d*m + 260 = m. What is the greatest common factor of x and m?
13
Let t be 10/55 - (-108)/11. Let w be 0 - (-4)/t - (-272)/20. What is the highest common factor of w and 2?
2
Suppose 56 = 2*v - 152. Calculate the greatest common factor of v and 8.
8
Suppose -2*r + 2 = -3*q - 5, 0 = 2*r - 2*q - 6. Suppose -g + 3*b + 58 = 0, -2*b = -r*g + 4*g - 132. What is the highest common factor of 8 and g?
8
Suppose -5*x = 37 - 237. Let i be (-2)/4 + 33/(-6). Let b be (-15)/i*(9 + -7). What is the highest common divisor of b and x?
5
Suppose -5*q - 4*a = -219, -3*q + 164 = -3*a + 38. What is the highest common factor of q and 344?
43
Let k(c) = -47*c**3 - c**2 - 1. Let p be k(-1). What is the highest common factor of p and 108?
9
Suppose 20*r - 107 = 113. Calculate the greatest common divisor of r and 176.
11
Let c be 1*(2/(-2) - -6). Suppose -4*i = -c*i + 4. What is the highest common divisor of i and 44?
4
Suppose 0 = 4*k + 6 - 14. Let p be (1/k)/(0 + 1/58). What is the highest common divisor of p and 29?
29
Let o be (1 - 1) + (-264)/(-12). Suppose 191 = -4*r - 3*b + 672, 2*r - 5*b - 247 = 0. Let j = r + -66. Calculate the greatest common divisor of j and o.
11
Let q = -1208 + 1212. Suppose 5*k = 3*u + 14, k - 14 = -2*u - 3*u. What is the greatest common divisor of q and k?
4
Let q(j) = j**2 - 44*j + 404. Let c be q(38). Let n = 37 - 15. Calculate the greatest common factor of n and c.
22
Let w be 9/5*(-6 + 7272/27). Calculate the greatest common factor of w and 6.
6
Let h be 31/(62/(-12)) - -7. Calculate the highest common factor of 368 and h.
1
Let v = 21 + -13. Let c = 6 + -1. Suppose 0*t + c*t = 40. Calculate the greatest common divisor of v and t.
8
Let m(n) = -4*n**3 - 5*n**2 - 6*n + 4. Suppose -z - 4*z - 21 = -h, 5*h - 1 = -z. Let i = h + -4. Let t be m(i). What is the highest common divisor of 17 and t?
17
Suppose 5*x - l - 31 = 120, -2*x - 4*l = -56. What is the highest common divisor of x and 6?
6
Let c(b) = 2*b - 6. Let m be c(13). Let d be 2*(4/m + (-207)/(-15)). Calculate the highest common factor of d and 112.
28
Let l(g) be the second derivative of g**3/6 + 7*g**2 - 6*g. Let c be l(-12). Let o be (-93)/((-6)/c) - 3. Calculate the highest common divisor of o and 308.
28
Let a be (0 - (0 + -3)) + 11. Suppose -2*z + 6 = -a. Suppose c = 67 + 43. What is the greatest common factor of z and c?
10
Let s be (48 - 46) + (-10)/(-2). Calculate the highest common factor of 7 and s.
7
Let l be 10/(-145) + 5688/58. Calculate the highest common divisor of 238 and l.
14
Suppose -6 - 384 = -5*q. What is the greatest common factor of q and 13?
13
Let t = 13 - 71. Let k = t - -37. Let a be ((-1)/(-3))/((-1)/k). Calculate the greatest common divisor of a and 7.
7
Suppose -38 = -3*f - 5*k, 5*k - k = 5*f - 88. Calculate the highest common factor of 176 and f.
16
Let g = 25 + -16. Suppose -j - 2*j - g = 0. Let w be -18*j/15*5. What is the greatest common factor of w and 198?
18
Suppose 2*s = 4*r - 56, -5*r + 26 = -5*s - 34. Calculate the highest common divisor of 624 and r.
16
Suppose 26*o = 37*o - 2783. Calculate the greatest common divisor of 22 and o.
11
Let r = -2 - -21. Suppose 2*b - 3 + 1 = 0. Let x = r + b. What is the highest common factor of 160 and x?
20
Let h(j) = j**3 + 26*j**2 - 7*j + 109. Let i be h(-25). Calculate the greatest common divisor of 9 and i.
9
Let a(f) = 3*f + 45. Let n be a(-13). Suppose -c + n*c = 225. Calculate the greatest common factor of c and 30.
15
Let f = 27 + -23. Suppose -10*y = -f*y - 2214. What is the highest common factor of 41 and y?
41
Suppose 160 = 4*f - u, -2*f - 2*f + 4*u + 148 = 0. Suppose -5*y + f + 99 = 0. What is the greatest common divisor of y and 140?
28
Let f = 782 - 762. What is the greatest common divisor of 320 and f?
20
Let k = -429 + 771. What is the highest common divisor of k and 38?
38
Let t be (-2)/(-5) + (-26)/(-10). Suppose -2*p - 50 = -t*l + 20, -4*l + 5*p = -98. What is the greatest common factor of l and 66?
22
Let w(i) = 1 - 1239*i + 1251*i - i**2 + 3. Let r be w(6). Suppose -41 = -2*y - 5*d, -4*y = -2*d - d - 17. What is the greatest common factor of r and y?
8
Let n be (3 - (-381)/(-15)) + 16/40. Let y = n + 34. What is the hi